.
0
Let q(w) = w**3 - 23*w**2 - 23*w - 49. Let k(y) = -41*y + 6256. Let z be k(152). Calculate q(z).
-25
Let q(o) = -o**3 - 15*o**2 - 15*o - 11. Let w be q(-14). Let b(u) = -1287 - 14*u + 648 + 0*u**w + u**3 - 5*u**2 + 645. Calculate b(7).
6
Let g(z) = z**3 - 8*z**2 + 11*z + 1. Suppose 8*k - 455 + 495 = 0. Let p be ((-9)/k)/((-27)/(-90)). Calculate g(p).
-5
Let s = -68 + 78. Let h(u) = -u + s*u + 10*u - 8*u. Suppose r + 0 + 1 = 0. Determine h(r).
-11
Let a(j) = -j - 8. Let i = 81 - 91. Let u be a(i). Let c(h) = 5 - 3*h + 4*h + 4*h**u - 4 - 3*h. What is c(2)?
13
Let u = 5 - -1. Let m = u + -2. Let b(r) = 4 - r**2 + 10*r**2 + 12*r**2 - 19*r**2 - 7*r. Give b(m).
8
Let j(d) = 21*d**3 - 2*d - 1. Let o be (-1 - 0)*4*(-9)/(-36). Calculate j(o).
-20
Let p(b) = -9*b + 54*b + 12*b + 52*b - 24*b. Determine p(1).
85
Let h(u) = u**2 + 8*u + 11. Suppose -4*f + 4*j = -8, 29*f - 30*f - 16 = 5*j. Let l be 12/((0 - f)/(9/(-18))). Determine h(l).
-1
Let a(w) = -3 + 117420*w**3 - 3 + 3*w**2 - 117421*w**3 + 4*w. Give a(3).
6
Let h(p) be the first derivative of -1/24*p**4 + 31 + 0*p + 0*p**2 + 1/24*p**5 - 4*p**3 + 1/360*p**6. Let d(b) be the third derivative of h(b). Give d(-7).
13
Let m(o) = o - 7. Suppose -6 + 15 = 3249*t - 3258*t. What is m(t)?
-8
Let h(q) = 172*q**2 - 32 - 166*q**2 + 6*q + 26 + q**3. Determine h(-5).
-11
Let p(r) be the second derivative of 170*r + 0 + 0*r**2 + 1/6*r**3 + 1/12*r**4. What is p(0)?
0
Let n(l) = l**2 + 5*l - 10. Let z(s) = 7*s - 6. Let w be z(-3). Let c = 36 + w. Suppose c*u = -53 - 10. Give n(u).
4
Let i(m) = 3*m - 8. Let g(q) = q**2 - q. Let z be g(1). Let b(j) = j**2 + 8*j + 4. Let y be b(-10). Suppose z = 4*k - y - 0. What is i(k)?
10
Let c = 16 - 14. Let t(o) = -2 + 23*o - 21*o + 2. What is t(c)?
4
Let c(m) = 4*m**3 + 4*m**2 - m + 8. Let h(n) = -6*n**3 - 7*n**2 + 2*n - 14. Let r(v) = -7*c(v) - 4*h(v). Let q = -12 + 11. Determine r(q).
5
Let n(u) = -3. Let o(r) = r**3 + 24*r**2 + 21*r - 9. Let m(g) = 7*n(g) + o(g). Determine m(-23).
16
Let m(b) = -27*b + 2. Let x(a) = -223039*a + 17632. Let v(n) = 2720*n - 215. Let q(d) = 493*v(d) + 6*x(d). Let p(g) = 203*m(g) + 2*q(g). Determine p(1).
-29
Let x be 0 - 1/2 - (-75)/30. Suppose -2*r - 188 = -u - 15, -5*u = -x*r - 177. Let n = 92 + r. Let v(b) = b**2 - 6*b + 1. Give v(n).
1
Let n(l) = -61941*l + 30964*l + l**2 + 30969*l - 26. Determine n(-3).
7
Let b(m) = m**3 - 3*m**2 - 2*m + 2. Let d(k) = -5*k**3 + 21*k**2 + 10*k - 8. Let g(w) = 6*b(w) + d(w). What is g(-4)?
-4
Let t(i) = i**3 - 12*i**2 - 15*i + 26. Let h(d) = d**3 - 32*d**2 + 194*d - 3. Let c be h(8). What is t(c)?
0
Let w(f) be the second derivative of f**4/12 + f**3/2 - 5*f**2/2 - 4022*f. Let t = -10 - -5. Calculate w(t).
5
Let i(u) = -37880 - 3*u + 0*u**2 + 3*u**2 + 37883. Give i(-5).
93
Let j(y) be the second derivative of -7*y**3/2 - 51*y**2 + 3135*y. Calculate j(-5).
3
Let w(n) = n**2 - 12*n - 3. Let a(d) = -d - 1. Let m(g) = 6*a(g) - w(g). Let v be ((-10)/(-400)*20)/(0 - (-3)/30). Give m(v).
2
Let z(g) = g**2 - 5*g - 37. Let i be z(9). Let r = 19 + -8. Let x(d) = -1 - 2*d - 6*d - r*d**3 + 3*d + 4*d. Calculate x(i).
11
Let b(t) = 20*t**2 + 21*t + 18. Let p(h) = 29*h**2 + 19*h + 18. Let y(l) = 3*b(l) - 2*p(l). Determine y(-13).
31
Let d(p) = -p**3 + 6*p**2 - p + 1. Let v be ((-70)/(-15))/(-7)*-6. Give d(v).
29
Let n(x) = x**3 + 10*x**2 + 14*x - 19. Let l be (3608/(-4510))/((-18)/20 + 1). Determine n(l).
-3
Let s(j) = -34*j + 270. Let a = -2540 - -2548. Determine s(a).
-2
Let t(l) = 2*l + 2. Let b(n) = -2*n**2 + 12*n + 4. Let i be b(6). Let h be (-4)/(-1) + i + -1. Determine t(h).
16
Let g(y) be the first derivative of -5*y - 271 - 1/3*y**3 + 7/2*y**2. Suppose -15 = 5*n, n + 12 = i + 4. Calculate g(i).
5
Let q(m) = -8*m - 2. Let y be q(-1). Suppose -7*b = -3*b - 4*w - 12, 0 = -w - 1. Let d = y - b. Let k(t) = t**3 - 3*t**2 - 3*t + 6. What is k(d)?
10
Let w(u) = -u**3 - 4*u**2 - u - 3. Let q be w(-4). Let d(h) = 5*h**2 + 7*h + 5. Let t be d(-2). Let v(s) = t + 13*s + s - 11. Calculate v(q).
14
Let d(z) be the second derivative of z**3/6 + 9*z**2 - 140*z. Give d(-15).
3
Let i be (-4)/(-6)*(5/4 - 231/(-132)). Let z(y) be the third derivative of 8*y**i + 0*y**3 + 1/24*y**4 - 1/120*y**6 + 0 + 0*y**5 + 0*y. Calculate z(0).
0
Let m(y) = -555 - 490 - 567 + 1699 - 5*y - y**2. Determine m(7).
3
Suppose -3*i - l = -14, i + l - 3*l = 14. Let v(w) = 4*w + 58 + 54 - 109. Give v(i).
27
Let x(k) be the first derivative of 6*k + 1/2*k**2 - 3. Let t(l) = -6*l - 17. Let o be t(-2). Determine x(o).
1
Let w(k) = 13*k. Let o(z) = -3*z + 51. Let d be o(21). Let q be 1/3 + (-56)/d. Let j be q/(-10)*1*2. Give w(j).
-13
Let c(t) = -t**3 - t**2 + 25. Let z be -63 + 50 + (13 - 0). Determine c(z).
25
Suppose -2*s = 4*b + 26, -5*b - 28 - 9 = 4*s. Let p(a) = -4*a - 4. Let o(j) = 7*j + 6. Let f(d) = b*p(d) - 3*o(d). Calculate f(4).
-2
Let z(w) be the third derivative of -w**5/60 - 5*w**4/24 - 2*w**3/3 - 29*w**2. Let h(a) = a**2 + 21*a + 105. Let o be h(-12). Determine z(o).
2
Let x(t) = -370*t - 11827. Let i be x(-32). Let p(m) = -m**2 + 18*m - 53. Calculate p(i).
12
Let k(s) = -s**3 - 3*s**2 - 6*s - 3. Let h be k(-5). Let t(p) = 2 + p - 5*p - 76*p**2 + h*p**2. Suppose -3*b + 8*b - 20 = 0. Calculate t(b).
2
Let h(f) = 3*f + 7 + 2*f - f**2 + 2 - 2*f. Let u be h(4). Let g(w) = w + 8. Let m(v) = v + 11. Let i(a) = -6*g(a) + 5*m(a). Calculate i(u).
2
Let a(h) = h**3 + 4*h**2 - 3. Let v be a(-4). Let y(d) = -2210*d**2 + 2214*d**2 + 0*d + d**3 + 2*d. Determine y(v).
3
Let q(t) = t**2 + 34*t + 60. Let p = 1109 + -1141. What is q(p)?
-4
Let b(s) = -s**2 - 7*s - 9. Let u be b(-6). Let o be 38/14 + u - 30/(-7). Let g(w) = -2*w + o*w + 6 - w. Determine g(-3).
3
Let d(c) = -16*c**2 + 30*c**3 - 6*c**2 - 6 + 8 - 31*c**3. Let m be d(-22). Let l(k) = -3*k**2 + 4*k - 3. Determine l(m).
-7
Let f(d) = -10*d**2 + 5*d + 5. Let b(g) = -9*g**2 + 3*g + 4. Let m(c) = -7*b(c) + 6*f(c). Give m(-4).
14
Let s(l) = -l**3 + 12*l**2 - 29*l + 9. Suppose 25*q + 37*q = 29*q + 297. Give s(q).
-9
Let d be 156/117 + 28/6. Suppose 0 = -3*i - l - d, 0*l - 5*l + 10 = -5*i. Let h(o) = 4*o**2 - 4*o - 3. What is h(i)?
21
Let x(o) = -o**3 - 8*o**2 - 1. Let z = 78 - 75. Suppose 5*c + 2*v = 22, -z*v + 2*v - 10 = -c. Let g be (5 - 1 - 3)*-2 - c. Give x(g).
-1
Let d(b) = b - 36. Suppose 0 = -4*y + 5*v - 21, -20*y - 15 = -17*y - 4*v. Determine d(y).
-45
Let i(q) = -3*q + 3. Suppose -c - 4*o = -229 - 443, 5*c - o - 3402 = 0. Let t = c - 686. Calculate i(t).
21
Let l(q) = 24*q - 117. Let a(z) = -16*z + 84. Let k(h) = -11*a(h) - 7*l(h). What is k(12)?
-9
Let c(n) be the first derivative of 9*n**2/2 - 29*n + 1355. What is c(5)?
16
Let b(p) = 4*p + 3. Let y be ((-9)/((-36)/16))/(-2) + 4. Suppose -7*l = -y*l + l. What is b(l)?
3
Suppose -4*s = -9 + 33. Suppose -12*y + 47 = -49. Let i(n) = y + 10*n**3 + 3*n**3 - 7*n**2 - 5*n + 0*n - 14*n**3. Calculate i(s).
2
Let n(s) = 2*s**2 - 24*s + 17. Let g(k) = -k**2 + 12*k - 9. Let x(b) = 5*g(b) + 3*n(b). Let j = 2906 - 2894. What is x(j)?
6
Let t(y) = y**3 - 7*y**2 + 6*y + 4. Let r be (-30)/(-25)*(2 + 3). Suppose -152 = -10*w + r*w. Let p = w + -33. Give t(p).
-16
Let t(d) = -4 + 0 + 3 - d. Let z(b) = 2*b**2 - 9*b - 5. Let k(r) = -r**3 - 9*r**2 - 6*r + 15. Let i be k(-8). Let g(n) = i*z(n) + 6*t(n). Calculate g(3).
-10
Let o(f) = 22*f**2 - 5*f**2 - 3*f + 7*f**3 + 1 - 15*f**2. Let t = 259 - 258. Determine o(t).
7
Let o(d) = -6 - 1425146*d + 47 + 1425136*d. Calculate o(-7).
111
Let o(c) = 10*c. Suppose -4*m = 5*b - 4, -11*b + 7*b = -3*m + 3. Let w = -15 - -21. Suppose m = 2*y + h, w*y - 2*h + 8 = 4*y. Determine o(y).
-10
Let o(u) = -91*u + 56. Let a(x) = -109*x + 57. Let k(c) = 5*a(c) - 6*o(c). Give k(8).
-43
Suppose 429 = -95*h - 141. Let j(z) = 10*z + 11. Calculate j(h).
-49
Let q be (0*3/(-6))/1. Let f(j) = -10*j**3 + 36*j**2 - j + 7. Let k(v) = v**3 - 4*v**2. Let m(g) = f(g) + 9*k(g). Calculate m(q).
7
Let g be 45/12 + (-23)/((-1564)/85). Let s(v) = -4*v**2 - 3*v - 14. What is s(g)?
-129
Let a(n) = -25*n**3 + 27*n**2 - 25*n + 333. Let g(o) = -28*o**3 + 28*o**2 - 26*o + 335. Let u(f) = -9*a(f) + 8*g(f). Determine u(19).
6
Suppose -4*i - 20 = -4*l - 0, -2*l - 2 = 2*i. Suppose -2*z + 6 - l = 0. Let a(n) = 9*n - 637*n**z + 3 - 3*n + 638*n**2. Give a(-3).
-6
Suppose 